{"id":3067,"date":"2024-07-18T17:29:06","date_gmt":"2024-07-18T15:29:06","guid":{"rendered":"https:\/\/itinerari.visitbergamo.net\/home\/"},"modified":"2025-06-11T11:46:17","modified_gmt":"2025-06-11T09:46:17","slug":"home","status":"publish","type":"page","link":"https:\/\/itinerari.visitbergamo.net\/fr\/","title":{"rendered":"Home"},"content":{"rendered":"\n<div class=\"wp-block-group home-banner-wrapper is-layout-constrained wp-block-group-is-layout-constrained\">\n<figure class=\"wp-block-gallery has-nested-images columns-default is-cropped home-banner wp-block-gallery-1 is-layout-flex wp-block-gallery-is-layout-flex\">\n<figure class=\"wp-block-image size-large\"><img loading=\"lazy\" decoding=\"async\" width=\"1024\" height=\"264\" data-id=\"3249\" src=\"https:\/\/itinerari.visitbergamo.net\/wp-content\/uploads\/2025\/06\/Group-1000004453-1024x264.png\" alt=\"\" class=\"wp-image-3249\" srcset=\"https:\/\/itinerari.visitbergamo.net\/wp-content\/uploads\/2025\/06\/Group-1000004453-1024x264.png 1024w, https:\/\/itinerari.visitbergamo.net\/wp-content\/uploads\/2025\/06\/Group-1000004453-300x77.png 300w, https:\/\/itinerari.visitbergamo.net\/wp-content\/uploads\/2025\/06\/Group-1000004453-768x198.png 768w, https:\/\/itinerari.visitbergamo.net\/wp-content\/uploads\/2025\/06\/Group-1000004453-1536x396.png 1536w, https:\/\/itinerari.visitbergamo.net\/wp-content\/uploads\/2025\/06\/Group-1000004453.png 1694w\" sizes=\"auto, (max-width: 1024px) 100vw, 1024px\" \/><\/figure>\n<\/figure>\n\n\n\n<div class=\"wp-block-group home-title-box-wrapper is-layout-constrained wp-container-core-group-is-layout-3 wp-block-group-is-layout-constrained\">\n<div class=\"wp-block-group home-title-box is-layout-constrained wp-container-core-group-is-layout-2 wp-block-group-is-layout-constrained\" style=\"padding-right:15px;padding-left:15px\">\n<div class=\"wp-block-group is-layout-constrained wp-container-core-group-is-layout-1 wp-block-group-is-layout-constrained\">\n<h2 class=\"wp-block-heading\">EXPLOREZ BERGAME<\/h2>\n\n\n\n<h3 class=\"wp-block-heading\">avec ces 4 itin\u00e9raires incontournables<\/h3>\n\n\n\n<p>Un voyage \u00e0 travers les monuments historiques, les coins pittoresques et la nature luxuriante de la ville, avec quatre parcours qui racontent des mill\u00e9naires d&rsquo;histoire.<\/p>\n<\/div>\n<\/div>\n<\/div>\n<\/div>\n\n\n<div class=\"container\"><div class=\"iti-lists\"><div class=\"iti-item\"><div class=\"iti-item-top\"><div class=\"item-overlay\" style=\"background: linear-gradient(to bottom, rgba(255, 211, 1, 0.2) 0%, rgb(255,211,1) 100%) 0%\n    0% no-repeat padding-box;\"> <\/div><img decoding=\"async\" class=\"iti-thumbnail\" src=\"https:\/\/itinerari.visitbergamo.net\/wp-content\/uploads\/2023\/04\/bgMap2.jpg\"\/><div class=\"iti-num\" style=\"background-color: rgb(255,211,1); color:rgb(10,10,10);\"> <span class=\"num\">1<\/span> <span class=\"text\">itin\u00e9raire<\/span> <\/div><h3 class=\"iti-title\" style=\"color: rgb(10,10,10)\">Le Plus Beau Mile<\/h3><img decoding=\"async\" class=\"iti-map\" src=\"https:\/\/itinerari.visitbergamo.net\/wp-content\/uploads\/2023\/04\/miglio.png\"\/><\/div><div class=\"iti-item-bottom\"><div class=\"iti-item-lightbg\" style=\"background-color: rgb(255,232,159);\"> <\/div><p class=\"iti-desc\">L\u2019itin\u00e9raire d\u2019auteur cr\u00e9\u00e9 \u00e0 l\u2019occasion de Bergamo Brescia Capitale de la Culture 2023 : suivez-le et partez \u00e0 la d\u00e9couverte des monuments les plus embl\u00e9matiques de la ville.<\/p><div class=\"iti-desc-flex\"><div class=\"iti-distanza\"><div class=\"iti-distanza-flex\"><i class=\"fa-solid fa-arrow-right\"><\/i><span>2,5 km&nbsp;<small>Longueur<\/small><\/span><\/div><div class=\"iti-distanza-flex\"><i class=\"fa-regular fa-clock\"><\/i><span>1:10 h&nbsp;<small>terme<\/small><\/span><\/div><\/div><a class=\"iti-link\" href=https:\/\/itinerari.visitbergamo.net\/fr\/le-miglio-della-bellezza\/ >Aller \u00e0 l'itin\u00e9raire<\/a><\/div><\/div><\/div><div class=\"iti-item\"><div class=\"iti-item-top\"><div class=\"item-overlay\" style=\"background: linear-gradient(to bottom, rgba(225, 7, 23, 0.2) 0%, rgb(225,7,23) 100%) 0%\n    0% no-repeat padding-box;\"> <\/div><img decoding=\"async\" class=\"iti-thumbnail\" src=\"https:\/\/itinerari.visitbergamo.net\/wp-content\/uploads\/2023\/04\/bgMap2.jpg\"\/><div class=\"iti-num\" style=\"background-color: rgb(225,7,23); color:#fff;\"> <span class=\"num\">2<\/span> <span class=\"text\">itin\u00e9raire<\/span> <\/div><h3 class=\"iti-title\" style=\"color: #fff\">C\u0153ur de la\r\nVille Basse<\/h3><img decoding=\"async\" class=\"iti-map\" src=\"https:\/\/itinerari.visitbergamo.net\/wp-content\/uploads\/2023\/04\/cuore.png\"\/><\/div><div class=\"iti-item-bottom\"><div class=\"iti-item-lightbg\" style=\"background-color: rgb(242,152,123);\"> <\/div><p class=\"iti-desc\">L\u2019itin\u00e9raire qui vous fera d\u00e9couvrir les mille facettes de la partie la plus moderne de Bergame. Des heures de promenade vous attendent \u00e0 travers les quartiers b\u00e2tis au XXe si\u00e8cle, les rues commer\u00e7antes et les quartiers Renaissance suspendus entre le Baroque et le N\u00e9oclassicisme.<\/p><div class=\"iti-desc-flex\"><div class=\"iti-distanza\"><div class=\"iti-distanza-flex\"><i class=\"fa-solid fa-arrow-right\"><\/i><span>4,3 km&nbsp;<small>Longueur<\/small><\/span><\/div><div class=\"iti-distanza-flex\"><i class=\"fa-regular fa-clock\"><\/i><span>1:30 h&nbsp;<small>terme<\/small><\/span><\/div><\/div><a class=\"iti-link\" href=https:\/\/itinerari.visitbergamo.net\/fr\/coeur-de-la-ville-basse\/ >Aller \u00e0 l'itin\u00e9raire<\/a><\/div><\/div><\/div><div class=\"iti-item\"><div class=\"iti-item-top\"><div class=\"item-overlay\" style=\"background: linear-gradient(to bottom, rgba(57, 168, 53, 0.2) 0%, rgb(57,168,53) 100%) 0%\n    0% no-repeat padding-box;\"> <\/div><img decoding=\"async\" class=\"iti-thumbnail\" src=\"https:\/\/itinerari.visitbergamo.net\/wp-content\/uploads\/2023\/04\/bgMap2.jpg\"\/><div class=\"iti-num\" style=\"background-color: rgb(57,168,53); color:#fff;\"> <span class=\"num\">3<\/span> <span class=\"text\">itin\u00e9raire<\/span> <\/div><h3 class=\"iti-title\" style=\"color: #fff\">La Ville\r\nverte<\/h3><img decoding=\"async\" class=\"iti-map\" src=\"https:\/\/itinerari.visitbergamo.net\/wp-content\/uploads\/2023\/04\/verde.png\"\/><\/div><div class=\"iti-item-bottom\"><div class=\"iti-item-lightbg\" style=\"background-color: rgb(176,211,152);\"> <\/div><p class=\"iti-desc\">L\u2019itin\u00e9raire qui r\u00e9v\u00e8le le c\u00f4t\u00e9 naturaliste de Bergame dans un parcours circulaire passionnant, le long duquel vous d\u00e9couvrirez des vues \u00e0 couper le souffle, des beaut\u00e9s historiques et des lieux presque secrets, comme des escaliers m\u00e9di\u00e9vaux.<\/p><div class=\"iti-desc-flex\"><div class=\"iti-distanza\"><div class=\"iti-distanza-flex\"><i class=\"fa-solid fa-arrow-right\"><\/i><span>5,4 km&nbsp;<small>Longueur<\/small><\/span><\/div><div class=\"iti-distanza-flex\"><i class=\"fa-regular fa-clock\"><\/i><span>1:50 h&nbsp;<small>terme<\/small><\/span><\/div><\/div><a class=\"iti-link\" href=https:\/\/itinerari.visitbergamo.net\/fr\/la-ville-verte\/ >Aller \u00e0 l'itin\u00e9raire<\/a><\/div><\/div><\/div><div class=\"iti-item\"><div class=\"iti-item-top\"><div class=\"item-overlay\" style=\"background: linear-gradient(to bottom, rgba(7, 91, 162, 0.2) 0%, rgb(7,91,162) 100%) 0%\n    0% no-repeat padding-box;\"> <\/div><img decoding=\"async\" class=\"iti-thumbnail\" src=\"https:\/\/itinerari.visitbergamo.net\/wp-content\/uploads\/2023\/04\/bgMap2.jpg\"\/><div class=\"iti-num\" style=\"background-color: rgb(7,91,162); color:#fff;\"> <span class=\"num\">4<\/span> <span class=\"text\">itin\u00e9raire<\/span> <\/div><h3 class=\"iti-title\" style=\"color: #fff\">Les secrets des Remparts<\/h3><img decoding=\"async\" class=\"iti-map\" src=\"https:\/\/itinerari.visitbergamo.net\/wp-content\/uploads\/2023\/04\/segreti.png\"\/><\/div><div class=\"iti-item-bottom\"><div class=\"iti-item-lightbg\" style=\"background-color: rgb(137,164,213);\"> <\/div><p class=\"iti-desc\">L\u2019itin\u00e9raire qui vous guidera \u00e0 la d\u00e9couverte des majestueux murs construits au XVIe si\u00e8cle par Venise pour d\u00e9fendre Bergame, un site class\u00e9 au patrimoine de l\u2019UNESCO, riche en histoire, en particularit\u00e9s et en joyaux cach\u00e9s.<\/p><div class=\"iti-desc-flex\"><div class=\"iti-distanza\"><div class=\"iti-distanza-flex\"><i class=\"fa-solid fa-arrow-right\"><\/i><span>5,1 km&nbsp;<small>Longueur<\/small><\/span><\/div><div class=\"iti-distanza-flex\"><i class=\"fa-regular fa-clock\"><\/i><span>1:40 h &nbsp;<small>terme<\/small><\/span><\/div><\/div><a class=\"iti-link\" href=https:\/\/itinerari.visitbergamo.net\/fr\/les-secrets-des-remparts\/ >Aller \u00e0 l'itin\u00e9raire<\/a><\/div><\/div><\/div><\/div><\/div>\n","protected":false},"excerpt":{"rendered":"<p>EXPLOREZ BERGAME avec ces 4 itin\u00e9raires incontournables Un voyage \u00e0 travers les monuments historiques, les coins pittoresques et la nature luxuriante de la ville, avec quatre parcours qui racontent des mill\u00e9naires d&rsquo;histoire.<\/p>\n","protected":false},"author":1,"featured_media":0,"parent":0,"menu_order":0,"comment_status":"closed","ping_status":"closed","template":"wp-custom-template-homepage","meta":{"footnotes":""},"class_list":["post-3067","page","type-page","status-publish","hentry"],"acf":[],"_links":{"self":[{"href":"https:\/\/itinerari.visitbergamo.net\/fr\/wp-json\/wp\/v2\/pages\/3067","targetHints":{"allow":["GET"]}}],"collection":[{"href":"https:\/\/itinerari.visitbergamo.net\/fr\/wp-json\/wp\/v2\/pages"}],"about":[{"href":"https:\/\/itinerari.visitbergamo.net\/fr\/wp-json\/wp\/v2\/types\/page"}],"author":[{"embeddable":true,"href":"https:\/\/itinerari.visitbergamo.net\/fr\/wp-json\/wp\/v2\/users\/1"}],"replies":[{"embeddable":true,"href":"https:\/\/itinerari.visitbergamo.net\/fr\/wp-json\/wp\/v2\/comments?post=3067"}],"version-history":[{"count":0,"href":"https:\/\/itinerari.visitbergamo.net\/fr\/wp-json\/wp\/v2\/pages\/3067\/revisions"}],"wp:attachment":[{"href":"https:\/\/itinerari.visitbergamo.net\/fr\/wp-json\/wp\/v2\/media?parent=3067"}],"curies":[{"name":"wp","href":"https:\/\/api.w.org\/{rel}","templated":true}]}}

<div class="wp-block-group home-banner-wrapper is-layout-constrained wp-block-group-is-layout-constrained">
<figure class="wp-block-gallery has-nested-images columns-default is-cropped home-banner wp-block-gallery-1 is-layout-flex wp-block-gallery-is-layout-flex">
<figure class="wp-block-image size-large"><img loading="lazy" decoding="async" width="1024" height="264" data-id="3249" src="https://itinerari.visitbergamo.net/wp-content/uploads/2025/06/Group-1000004453-1024x264.png" alt="" class="wp-image-3249" srcset="https://itinerari.visitbergamo.net/wp-content/uploads/2025/06/Group-1000004453-1024x264.png 1024w, https://itinerari.visitbergamo.net/wp-content/uploads/2025/06/Group-1000004453-300x77.png 300w, https://itinerari.visitbergamo.net/wp-content/uploads/2025/06/Group-1000004453-768x198.png 768w, https://itinerari.visitbergamo.net/wp-content/uploads/2025/06/Group-1000004453-1536x396.png 1536w, https://itinerari.visitbergamo.net/wp-content/uploads/2025/06/Group-1000004453.png 1694w" sizes="auto, (max-width: 1024px) 100vw, 1024px" /></figure>
</figure>



<div class="wp-block-group home-title-box-wrapper is-layout-constrained wp-container-core-group-is-layout-3 wp-block-group-is-layout-constrained">
<div class="wp-block-group home-title-box is-layout-constrained wp-container-core-group-is-layout-2 wp-block-group-is-layout-constrained" style="padding-right:15px;padding-left:15px">
<div class="wp-block-group is-layout-constrained wp-container-core-group-is-layout-1 wp-block-group-is-layout-constrained">
<h2 class="wp-block-heading">EXPLOREZ BERGAME</h2>



<h3 class="wp-block-heading">avec ces 4 itinéraires incontournables</h3>



<p>Un voyage à travers les monuments historiques, les coins pittoresques et la nature luxuriante de la ville, avec quatre parcours qui racontent des millénaires d&rsquo;histoire.</p>
</div>
</div>
</div>
</div>


<div class="container"><div class="iti-lists"><div class="iti-item"><div class="iti-item-top"><div class="item-overlay" style="background: linear-gradient(to bottom, rgba(255, 211, 1, 0.2) 0%, rgb(255,211,1) 100%) 0%
    0% no-repeat padding-box;"> </div><img decoding="async" class="iti-thumbnail" src="https://itinerari.visitbergamo.net/wp-content/uploads/2023/04/bgMap2.jpg"/><div class="iti-num" style="background-color: rgb(255,211,1); color:rgb(10,10,10);"> <span class="num">1</span> <span class="text">itinéraire</span> </div><h3 class="iti-title" style="color: rgb(10,10,10)">Le Plus Beau Mile</h3><img decoding="async" class="iti-map" src="https://itinerari.visitbergamo.net/wp-content/uploads/2023/04/miglio.png"/></div><div class="iti-item-bottom"><div class="iti-item-lightbg" style="background-color: rgb(255,232,159);"> </div><p class="iti-desc">L’itinéraire d’auteur créé à l’occasion de Bergamo Brescia Capitale de la Culture 2023 : suivez-le et partez à la découverte des monuments les plus emblématiques de la ville.</p><div class="iti-desc-flex"><div class="iti-distanza"><div class="iti-distanza-flex"><i class="fa-solid fa-arrow-right"></i><span>2,5 km&nbsp;<small>Longueur</small></span></div><div class="iti-distanza-flex"><i class="fa-regular fa-clock"></i><span>1:10 h&nbsp;<small>terme</small></span></div></div><a class="iti-link" href=https://itinerari.visitbergamo.net/fr/le-miglio-della-bellezza/ >Aller à l'itinéraire</a></div></div></div><div class="iti-item"><div class="iti-item-top"><div class="item-overlay" style="background: linear-gradient(to bottom, rgba(225, 7, 23, 0.2) 0%, rgb(225,7,23) 100%) 0%
    0% no-repeat padding-box;"> </div><img decoding="async" class="iti-thumbnail" src="https://itinerari.visitbergamo.net/wp-content/uploads/2023/04/bgMap2.jpg"/><div class="iti-num" style="background-color: rgb(225,7,23); color:#fff;"> <span class="num">2</span> <span class="text">itinéraire</span> </div><h3 class="iti-title" style="color: #fff">Cœur de la
Ville Basse</h3><img decoding="async" class="iti-map" src="https://itinerari.visitbergamo.net/wp-content/uploads/2023/04/cuore.png"/></div><div class="iti-item-bottom"><div class="iti-item-lightbg" style="background-color: rgb(242,152,123);"> </div><p class="iti-desc">L’itinéraire qui vous fera découvrir les mille facettes de la partie la plus moderne de Bergame. Des heures de promenade vous attendent à travers les quartiers bâtis au XXe siècle, les rues commerçantes et les quartiers Renaissance suspendus entre le Baroque et le Néoclassicisme.</p><div class="iti-desc-flex"><div class="iti-distanza"><div class="iti-distanza-flex"><i class="fa-solid fa-arrow-right"></i><span>4,3 km&nbsp;<small>Longueur</small></span></div><div class="iti-distanza-flex"><i class="fa-regular fa-clock"></i><span>1:30 h&nbsp;<small>terme</small></span></div></div><a class="iti-link" href=https://itinerari.visitbergamo.net/fr/coeur-de-la-ville-basse/ >Aller à l'itinéraire</a></div></div></div><div class="iti-item"><div class="iti-item-top"><div class="item-overlay" style="background: linear-gradient(to bottom, rgba(57, 168, 53, 0.2) 0%, rgb(57,168,53) 100%) 0%
    0% no-repeat padding-box;"> </div><img decoding="async" class="iti-thumbnail" src="https://itinerari.visitbergamo.net/wp-content/uploads/2023/04/bgMap2.jpg"/><div class="iti-num" style="background-color: rgb(57,168,53); color:#fff;"> <span class="num">3</span> <span class="text">itinéraire</span> </div><h3 class="iti-title" style="color: #fff">La Ville
verte</h3><img decoding="async" class="iti-map" src="https://itinerari.visitbergamo.net/wp-content/uploads/2023/04/verde.png"/></div><div class="iti-item-bottom"><div class="iti-item-lightbg" style="background-color: rgb(176,211,152);"> </div><p class="iti-desc">L’itinéraire qui révèle le côté naturaliste de Bergame dans un parcours circulaire passionnant, le long duquel vous découvrirez des vues à couper le souffle, des beautés historiques et des lieux presque secrets, comme des escaliers médiévaux.</p><div class="iti-desc-flex"><div class="iti-distanza"><div class="iti-distanza-flex"><i class="fa-solid fa-arrow-right"></i><span>5,4 km&nbsp;<small>Longueur</small></span></div><div class="iti-distanza-flex"><i class="fa-regular fa-clock"></i><span>1:50 h&nbsp;<small>terme</small></span></div></div><a class="iti-link" href=https://itinerari.visitbergamo.net/fr/la-ville-verte/ >Aller à l'itinéraire</a></div></div></div><div class="iti-item"><div class="iti-item-top"><div class="item-overlay" style="background: linear-gradient(to bottom, rgba(7, 91, 162, 0.2) 0%, rgb(7,91,162) 100%) 0%
    0% no-repeat padding-box;"> </div><img decoding="async" class="iti-thumbnail" src="https://itinerari.visitbergamo.net/wp-content/uploads/2023/04/bgMap2.jpg"/><div class="iti-num" style="background-color: rgb(7,91,162); color:#fff;"> <span class="num">4</span> <span class="text">itinéraire</span> </div><h3 class="iti-title" style="color: #fff">Les secrets des Remparts</h3><img decoding="async" class="iti-map" src="https://itinerari.visitbergamo.net/wp-content/uploads/2023/04/segreti.png"/></div><div class="iti-item-bottom"><div class="iti-item-lightbg" style="background-color: rgb(137,164,213);"> </div><p class="iti-desc">L’itinéraire qui vous guidera à la découverte des majestueux murs construits au XVIe siècle par Venise pour défendre Bergame, un site classé au patrimoine de l’UNESCO, riche en histoire, en particularités et en joyaux cachés.</p><div class="iti-desc-flex"><div class="iti-distanza"><div class="iti-distanza-flex"><i class="fa-solid fa-arrow-right"></i><span>5,1 km&nbsp;<small>Longueur</small></span></div><div class="iti-distanza-flex"><i class="fa-regular fa-clock"></i><span>1:40 h &nbsp;<small>terme</small></span></div></div><a class="iti-link" href=https://itinerari.visitbergamo.net/fr/les-secrets-des-remparts/ >Aller à l'itinéraire</a></div></div></div></div></div>

<p>EXPLOREZ BERGAME avec ces 4 itinéraires incontournables Un voyage à travers les monuments historiques, les coins pittoresques et la nature luxuriante de la ville, avec quatre parcours qui racontent des millénaires d&rsquo;histoire.</p>
